he greatest common divisor of v and h.
15
Let r(w) = -3 + 2*w**2 + w + 7*w - 2. Suppose -5*n - 25 = 5*c, -2*n + 2 = 3*c + 18. Let s be r(c). Calculate the greatest common factor of 171 and s.
19
Suppose -870 = -34*c + 5*c. Suppose 0 = 5*b - a - 135, -4*b + 4*a = -122 + c. What is the greatest common divisor of b and 42?
14
Let a(k) = 2*k + 44. Let d be a(6). Let l(z) = 14*z - 1 + 0 - z**2 - 12*z - 3*z**2 + z**3. Let n be l(4). Calculate the greatest common divisor of d and n.
7
Suppose -5*r - 2*b = -15 - 21, -r + b + 3 = 0. Let k(a) = 2*a + 13. Let i be k(r). Calculate the highest common divisor of 375 and i.
25
Let m(r) = -21 - 7*r**3 - 12*r**3 - 8*r**3 + 2*r**2 - 31*r + 28*r**3 + 6*r**2. Let q be m(-9). What is the greatest common factor of 118 and q?
59
Suppose -23*k + 433 = 134. Suppose -6*b + 8*b - 6 = 0. Suppose 4*f + x + b*x - 436 = 0, 4*x = -5*f + 540. Calculate the greatest common divisor of k and f.
13
Let b(l) = -l**2 - 5*l + 34. Let t be b(0). Suppose -26*i + 23*i + 173 = 5*z, 3*i - z = 149. Calculate the highest common factor of i and t.
17
Suppose 0 = -5*n - 0*n - 3*m + 113, m = 1. Suppose -n = -6*o + 8. Suppose -3*w + 54 = -x - 84, w + x - 42 = 0. Calculate the highest common divisor of o and w.
5
Let u(d) = 10*d**2 - 175*d + 491. Let a be u(3). Let f(s) = -s**3 - s**2 + 28. Let p be f(0). Calculate the greatest common divisor of p and a.
28
Let d = 3412 + -3380. Calculate the highest common divisor of d and 144.
16
Let c be (2 - 3)/((-7)/1302). Suppose c = 3*k + 54. What is the greatest common divisor of k and 506?
22
Suppose 0 = 4*b - 4*a, 3*b - 2 = a - 0. Let f(l) = l**3 - 7*l**2 - 11*l + 28. Let i be f(8). Calculate the highest common factor of i and b.
1
Suppose -6*z - 1524 = 4*v - 13360, -z = 5*v - 1977. What is the greatest common factor of 884 and z?
68
Let u(b) = 3*b**2 + 4*b + 9. Let r = -289 - -287. Let q be u(r). Calculate the highest common divisor of 13 and q.
13
Let i(m) = 13*m**2 - 576*m - 300. Let a be i(45). Calculate the highest common factor of 4 and a.
1
Suppose 2*i = 6*i - 168. Let n be 2 + 2 - 11/(33/18). Let v be 66 - (0/3 + (-6)/n). Calculate the highest common divisor of i and v.
21
Suppose 3*y = -2*y - 4*i + 80, -4*i + 68 = 4*y. Let b = y - 9. Suppose 0 = -o, 2*o = -5*p - b*o + 225. Calculate the highest common divisor of 5 and p.
5
Let o be -5 + 7 + 30/(-2). Let q = o - -13. Suppose q = 5*c - 0*c - 85. What is the greatest common factor of 68 and c?
17
Suppose -3*n - 720 = -4*j, 5*n - 540 = -3*j - 0*n. Let g = 254 - j. Let m = g + -62. Calculate the highest common divisor of 96 and m.
12
Suppose -3391 = -12*g - 1147. What is the greatest common divisor of 9163 and g?
187
Suppose 21*f = -f - 3740. Let s = 233 + f. What is the highest common divisor of s and 36?
9
Let l be 23 - ((-49)/(-7) - -2 - 8). Calculate the highest common divisor of 4334 and l.
22
Let c be (-30)/(31/(-30) + 1). Let j = 161507 - 161489. What is the highest common divisor of c and j?
18
Let s(t) = 2*t**3 - 16*t**2 - 3*t - 752. Let b be s(14). What is the greatest common divisor of b and 57?
19
Let z = 575 + -573. Let q be 89 - ((-15)/3 + z - -5). Calculate the greatest common divisor of 3 and q.
3
Let r be 324/216*320/6. What is the greatest common divisor of r and 6590?
10
Let c be (6*2/(-3))/(-2). Let a(y) = 25*y + 27. Let l be a(-1). Suppose -3*h + c*u = -8, 4 = 2*h - u - l. Calculate the greatest common divisor of 4 and h.
4
Let h(y) = 2*y**2 - 23*y + 165. Let s = 379 - 357. Let a be h(s). Calculate the greatest common divisor of 33 and a.
33
Let k(n) = n**2 - 20*n + 93. Let o be k(7). Let t be 15/(-75) - o/((-30)/993). What is the greatest common factor of t and 66?
66
Let n be ((-130)/8)/((-3)/24*-2). Let p = 67 + n. Let l(s) = 10*s**3 - 5*s**2 + 5*s. Let y be l(p). Calculate the greatest common factor of y and 28.
14
Let d(k) = k**3 + 9*k**2 + 3*k - 6. Let a be d(-6). Suppose 1879 = 5*c + 1639. What is the greatest common factor of c and a?
12
Let j(x) = 35*x + 168. Suppose -13 = 4*f + p, -9*p - 11 = 5*f - 6*p. Let n be j(f). What is the highest common divisor of n and 8?
4
Suppose 4*f = d + 3*d - 108, -2*d + 52 = -f. Suppose d*z + 183 = 28*z. Let q = -58 + z. Calculate the greatest common factor of 27 and q.
3
Let m(a) = a**3 + 19*a**2 + 49*a + 52. Let g be m(-16). Calculate the greatest common factor of 1629 and g.
9
Let h be ((-166)/(-249))/(2/(-6)*-2). Let m(g) = -7 + 1 + 3 - g - 2. Let j be m(-12). What is the greatest common divisor of j and h?
1
Suppose -q + 4*f = -12954, 11*q - 13*q = 3*f - 25919. Calculate the highest common divisor of q and 62.
62
Suppose 204695 = 54*d - 20107. What is the highest common divisor of d and 362?
181
Suppose 54 = o - 5*c, 0 = -o + 15*c - 14*c + 66. Suppose -3*m + 88 + 40 = 5*d, 2*d + 4 = 0. What is the greatest common divisor of m and o?
23
Suppose 41 = -16*g + 73. Suppose 7 = r + j, -3*r - g*j - 9 = -27. Suppose 0 = -5*p + 2*p + 96. What is the greatest common divisor of r and p?
4
Let p(u) = -908*u**3 + u**2 - 2*u - 1. Let x be p(-1). Calculate the greatest common factor of 520 and x.
130
Let m be ((-2664)/96)/(1/8). Let d = 926 + m. Calculate the highest common factor of 88 and d.
88
Let j be 137*(-69)/(-3) + 2 - -1. Calculate the greatest common divisor of j and 83.
83
Let o = 71 + -58. Suppose 3*h - 151 = -m, 5*m - 9*h = -o*h + 733. What is the greatest common divisor of 5 and m?
5
Let d(p) = 40*p**2 + 383*p - 1514. Let u be d(4). Calculate the greatest common divisor of u and 112.
14
Suppose -5*w - 25 = 0, -2*g - 2*w = g - 167. Let o = g - 48. Suppose -o*s + 6*s = -60. What is the highest common factor of s and 3?
3
Let k = -10938 - -15695. What is the highest common divisor of k and 71?
71
Suppose 40*g = 1506 + 861 - 647. Calculate the greatest common factor of 9847 and g.
43
Let r = -458 - -490. Suppose 4*y - r = -12*y. What is the highest common factor of y and 26?
2
Suppose -5*g = -11*y - 4679, -14*g + 12*g + 3*y + 1866 = 0. What is the greatest common divisor of g and 5356?
103
Let h be 45/2*8/(-6). Let w = h + 38. Let z(l) = -2*l + 60. Let k be z(-14). Calculate the highest common divisor of w and k.
8
Suppose 235 + 94 = 7*q. Let t = 173 - 125. Suppose -t*p - 282 = -50*p. Calculate the greatest common factor of q and p.
47
Suppose 2*j - 368 = -30*l + 27*l, 3*l - 370 = -j. Calculate the highest common factor of 4154 and l.
62
Let g = 4757 - 3443. What is the highest common divisor of g and 36?
18
Let f(z) = -12*z**2 - 86*z + 3. Let r be f(-5). What is the highest common divisor of r and 28?
7
Let v(p) = 6*p**3 - 7*p**2 + p - 1. Suppose -4*o - 12 = 8*z - 12*z, 3*o + 4*z = 26. Let i be v(o). Calculate the highest common factor of 84 and i.
21
Let s = -351 - -631. Suppose -2*o + s = -6*o. Let i be 4 + -1 - (o - (-3 + 2)). What is the highest common divisor of 18 and i?
18
Let d = -2623 - -2626. What is the greatest common divisor of 813 and d?
3
Let f(p) = -4*p - 2. Let g = -85 - -84. Let r be f(g). Suppose r = -2*o + 3*o, -m - o = -10. What is the greatest common divisor of m and 24?
8
Let i = 771 - 694. Let l = -2430 + 3431. Calculate the highest common divisor of l and i.
77
Suppose 4*r - 2*r - 8026 = -4*b, b = 2*r + 1999. What is the highest common divisor of 10 and b?
5
Let h be (-266)/19*(-108)/6. Calculate the highest common divisor of h and 2916.
36
Suppose 25 = -3*n - 4*v - 0*v + 189, 0 = -5*v + 70. Suppose -2*l - 2*h + 144 = 0, -l + h + 288 = 3*l. What is the highest common factor of l and n?
36
Suppose -3*j + 1185 = 4*p, 2*j = -69*p + 70*p + 768. What is the greatest common divisor of j and 9?
9
Suppose 0 = 2*j + 2*k + 3*k - 10251, 0 = 5*k + 15. Suppose -1173 = 9*w - j. Calculate the highest common divisor of w and 33.
11
Suppose 4*s - 4*w = 808, 159*w = 5*s + 161*w - 968. What is the highest common factor of 217 and s?
7
Let p = 1172 - 1064. Suppose -x - 8 = -3*x. Suppose -b - x*b + 360 = 0. Calculate the greatest common factor of b and p.
36
Let v(a) = a**3 + 40*a**2 - 142*a - 122. Let d be v(-43). Calculate the highest common divisor of d and 322.
23
Let t be (-2 - -83)*(-32)/(-12). Suppose -85*y + 89*y = t. Calculate the greatest common factor of 108 and y.
54
Let k = -5 - -347. Let b(l) = -l**3 + 6*l**2 - 11*l + 24. Let g be b(3). Calculate the highest comm